/(-2). Let v(f) = -22*f**2 + 2*f - 14. Let j(w) = -7*w**2 + w + 1. Let u(l) = -3*j(l) + v(l). What is u(r)?
-17
Let h be 15/(4 - 7) + 10. Let n(m) = m**3 - 4*m**2 - 5. Give n(h).
20
Let x = -21 - -19. Let r be (-3 + x)*2/(-2). Let s(y) = -3*y - 3*y + 0*y - 4 + r. What is s(1)?
-5
Let s(y) = -16. Let z(g) = 3. Let h(q) = -2*s(q) - 11*z(q). Let p(f) = -f - 12. Let a(v) = 4*h(v) - p(v). Give a(-6).
2
Let s(m) be the first derivative of -2 + m - 3*m**3 + 12*m**2 - 11*m**2 - 2*m. Determine s(1).
-8
Let p = 117 - 117. Let l(i) be the first derivative of -2 - 4*i - 1/2*i**2. What is l(p)?
-4
Let m(u) be the third derivative of u**6/120 + u**5/60 - u**4/24 + u**3/3 - 88*u**2. Determine m(0).
2
Let g(w) = -w**3 - 2*w**2 - w - 1. Let j = 23 + -18. Suppose 6*z + 124 = z - 2*h, 0 = -2*z - j*h - 58. Let x be 4/(-10) + z/15. Determine g(x).
1
Suppose 5*w + 10 = 5. Let d(b) be the third derivative of 5*b**4/24 + b**3/6 + 14*b**2 - 2. Determine d(w).
-4
Let b(u) be the third derivative of -u**5/60 + u**4/6 + u**3/6 - 953*u**2. Suppose -2*g - 5 = -3*g. Determine b(g).
-4
Let v(w) = -3 + 5 + 676*w - 675*w + 4 + w**2. Give v(0).
6
Let u(k) = 7*k + 6. Let b(s) = -4*s - 2. Let m(h) = 5*b(h) + 2*u(h). Calculate m(-2).
14
Let h(f) = 12 + 2*f + 1 - 5 - 3*f - 2. What is h(-8)?
14
Let x(n) = 9*n + 4. Let o(u) = -6*u + 22. Let a be o(3). What is x(a)?
40
Let n(x) = -x**2 + 7*x - 2. Let b be n(6). Let o(y) be the third derivative of y**5/30 - 5*y**4/24 - y**3/2 + 15*y**2. Determine o(b).
9
Let l = 20 - -4. Suppose l = -5*p + 3*o, -4*o = -o - 9. Let n(u) = -u**2 - 3. What is n(p)?
-12
Suppose -3*a + a - 6 = 0. Let q be 1 - a/(3/4). Let t(d) = -d**2 - 4*d + 3*d + q*d**2. Calculate t(1).
3
Let w(n) = -n**3 - n**2 + 1. Let z(p) = 5*p**3 - p**2 + 1. Let v(o) = -4*w(o) - z(o). What is v(4)?
11
Suppose -l - 2*d + 1 = -4, -5*l + 4*d = -11. Let f(s) be the second derivative of 0 + 1/6*s**l + 2*s**2 + 5*s. Give f(3).
7
Let q(u) = 5*u - 2. Let w(f) = -22*f + 9. Let b(j) = 9*q(j) + 2*w(j). Determine b(-1).
-1
Let r(s) = s**3 + 7*s**2 - 2*s - 17. Let u = -96 + 65. Let o = u + 24. Let t be r(o). Let w(h) = -h**2 - 3*h + 4. Give w(t).
4
Let m(s) = s**3 + 6*s**2 + 3*s - 2. Let a = -40 - -35. Give m(a).
8
Let p(x) = x + 12. Let y be p(-9). Let w(u) = -3*u - 1. Let r be w(-1). Let q(s) = r*s + y*s - 4*s. Give q(1).
1
Let y(i) = 2*i**2 - 6*i + 11. Let w be y(3). Suppose -w - 5 = -4*k. Let g(s) = s**3 - 5*s**2 + 6*s. Calculate g(k).
8
Let a(z) = 20*z**3 - 20*z**2 + 22*z + 8. Let g(t) = 7*t**3 - 7*t**2 + 8*t + 3. Let v(c) = 6*a(c) - 17*g(c). Suppose 6*h + 4 = 4*h. What is v(h)?
-7
Let y(o) = -o - 1. Suppose 2*v + 3*c - 8 = v, -4*v + 46 = 5*c. Let i = 16 - v. What is y(i)?
-3
Let r(t) = 4*t + 1. Suppose 3*c + 14 = 5*h, 0 = 4*h + 3*c + 2*c - 26. Suppose f + 15 = -h*f, 5*y = -f + 12. Calculate r(y).
13
Let b be (4 - 0)*3/6. Let y be (-40)/12 - b/(-6). Let a(u) be the first derivative of u**4/4 + 5*u**3/3 + 3*u**2/2 - 2*u + 28. Give a(y).
7
Let u = 296 + -292. Let p(n) = -n**3 + 4*n**2 + n. Give p(u).
4
Let m be (60/(-105))/(4/(-14)). Let o be (m - 7)/(3 + -4). Suppose 2*l - 4 = -0*l, -o*l = -3*y - 28. Let n(c) = 2*c + 6. Give n(y).
-6
Let z(c) = -3*c + 10. Let x be z(9). Let w(y) = -y**2 - 18*y - 25. Determine w(x).
-8
Let a(v) = 3*v**2 + 14*v + 15. Let c(r) = -10*r**2 - 44*r - 46. Let n(i) = -7*a(i) - 2*c(i). Calculate n(-10).
-13
Let j = 220 - 225. Let p(z) = -z**2 - 6*z - 3. Give p(j).
2
Suppose 5*m - p - 12 = 0, -2*m + 5*p = 3*m. Let w(y) = 2*y**3 + 2*y - 3*y**3 + 2*y**2 + 2*y. Let u be w(m). Let x(z) = -2*z + 2. Calculate x(u).
-4
Suppose -2*s = -6*s - 4*w + 8, -4 = 4*w. Suppose -13 = 5*y - s. Let a be (6/4)/((-3)/y). Let f(v) = 3*v. Give f(a).
3
Let p(h) = -8*h + h**2 - 13*h - 2 - 3*h**2 + 6*h. Let w(l) = l**2 + 7*l + 1. Let u(f) = -3*p(f) - 7*w(f). Determine u(-6).
-13
Let j = -5 - -8. Let h = 5 - j. Let f(v) = v**2 - v + 1. Calculate f(h).
3
Let a(g) be the third derivative of g**4/24 - g**3/6 + g**2. Let v = 23 + 0. Suppose 0 = y - 25 + v. Determine a(y).
1
Let x(c) = 2*c - 39. Let g(b) = -16. Let z(m) = 5*g(m) - 2*x(m). Give z(5).
-22
Let o(w) = -w**3 - 3*w**2 + 3. Let j(l) = l**2 - 8*l + 19. Let c be j(5). Let v(i) = 5*i - 3 - 2*i + i - i**2. Let z be v(c). Give o(z).
3
Let i(w) be the first derivative of -w**4/4 + 2*w**3/3 - w**2/2 - 4*w + 36. What is i(3)?
-16
Let o(u) = 4*u + 3. Let x be 2/5 + (-388)/20. Let z = 39 + x. Suppose 0 = -6*r + r - z. Determine o(r).
-13
Let f(g) = g. Let k(o) = o**2 - 2*o + 7. Let x(n) = -5*f(n) + k(n). Suppose -4*v + 0*z = 5*z - 10, 3*v - 25 = 5*z. Suppose -6*u + v*u + 6 = 0. Give x(u).
1
Let u(g) = -4 - 653*g + 328*g + 326*g - g**2. Calculate u(3).
-10
Let j(x) = 2*x**2 + 28*x - 16. Let h(o) = -o**2 - 14*o + 9. Let y(l) = -5*h(l) - 3*j(l). Determine y(-12).
27
Let t(j) = -j**3 + 11*j**2 - 11*j - 14. Let d be t(9). Let q = -46 + d. Let s(m) = -28*m**2 + 2*m**3 + 1 + 23*m**2 + 3*m - m**3. What is s(q)?
-8
Let a(q) = -q**2 + 5*q + 3. Suppose 32*m - 20 = 30*m. Let i(l) = -26*l**3 + 2*l**2 - l. Let j be i(1). Let n be m/j + 64/10. Give a(n).
-3
Let m(c) = c**3 - 10*c - 3. Let k be m(-3). Let x(i) = 0 + i**3 - 2 + 3 + i. Determine x(k).
1
Let c(f) = -2*f + 5 - 7 + 3 - 3. Let z(l) = -4*l + 73. Let i be z(19). Give c(i).
4
Let s(p) = 11*p**2 + 3*p + 3. Suppose -4*b = -2*n + 19 - 3, -3*b - 9 = -3*n. Give s(n).
41
Suppose 2 = -2*p + i, -p + 4*i + 3 - 18 = 0. Let j(x) = 83*x - 88*x + x**3 + p - 1 - 6*x**2. Calculate j(7).
14
Let p(m) = m**2 - 9*m + 5. Let i be p(9). Let u be -2 - (-3 - i)/2. Let w(n) = 0*n**u - 2*n**2 + 4*n**2 + n + 6 - n**2. What is w(0)?
6
Suppose -44*u - 10 = -34*u. Let n(w) = -9*w**2 + 2*w + 1. Calculate n(u).
-10
Let z(c) be the second derivative of c**5/20 - 7*c**4/12 + c**3/6 - 7*c**2/2 - 60*c. Give z(7).
0
Suppose p + 4*p = 20. Let s(d) = -d - 24. Let n be s(-27). Let w(q) = -17*q**2 + q + 11*q**2 - 1 + 9*q**2 + 4*q - q**n. Give w(p).
3
Let i = 6 + -4. Let o(t) = -4*t - i - 6 + 5. Suppose -5*r - 6 = 4*j, 3*j + 2*j + r + 18 = 0. What is o(j)?
13
Let q(o) = 5*o + 1 - 2 + 0*o**2 + o**2. Let k(f) = 1 + f - f**2 + 0 + 1 + 5. Let z be k(-3). Give q(z).
-1
Let x(y) = y**3 - 6*y**2 - y - 2. Let u = -16 - -23. Suppose -4*z + 3*z = u. Let m = z - -13. Determine x(m).
-8
Let x(l) = -409*l + l**3 + 3*l**2 + l**2 + 415*l. Give x(-4).
-24
Let b(n) = -8 + 12 - 9 - 5*n + 3. Let u(k) = -k**2 - 5*k + 4. Let a be u(-5). Determine b(a).
-22
Let y(a) = -8*a - 4. Let p be 1 - -3 - 1/((-4)/(-20)). Calculate y(p).
4
Let x(g) = -g**2 + 15*g - 17. Let l be x(12). Let h = l + -16. Let s(q) = -q**2 + 5*q. Calculate s(h).
6
Let g(c) = 5*c**2 - 15*c + 37. Let y(j) = -2*j**2 + 5*j - 13. Let t(a) = -3*g(a) - 8*y(a). Let w(v) = -v**3 + 3*v**2 + 2*v + 1. Let p be w(4). Determine t(p).
7
Let n be 4*(-8)/96 + (-52)/6. Let i(h) = -h**2 - 4*h + 1. Determine i(n).
-44
Let y be (-5 - 81/(-15)) + (-27459)/(-15). Let u(c) = 7 - 1830*c**2 + y*c**2 + 5*c - 2. Let g be (-2 - (-5)/2)*-12. What is u(g)?
11
Let y(k) = -k**2 - 5*k - 2. Let o = -118 + 144. Let b be o/(-8) - 16/(-64). What is y(b)?
4
Let k = -628 + 628. Let c(g) be the third derivative of -1/60*g**5 + 0 + 1/2*g**3 + k*g - 6*g**2 - 1/8*g**4. Determine c(-4).
-1
Suppose -3*z + 4 - 10 = 0. Let v be (-5)/5*2/z. Let r(g) = -5*g + 1. Let t(l) = l + 1. Let o(j) = v*r(j) + 4*t(j). Determine o(6).
-1
Let z(g) = g**3 - 9*g**2 - 36*g - 8. Let f be z(12). Let k(n) = n**3 + 8*n**2 + n + 4. Give k(f).
-4
Let o(l) = l**3 - 6*l**2 + 3*l + 5. Let v(d) = d**3 + d**2 - 4*d + 3. Let f be v(2). Let j be -14*(2 - f/2). Let y = 26 - j. Determine o(y).
-5
Let g(d) = -18 - 8 - 23 + 102 - d. What is g(0)?
53
Suppose 0 = -6*n - 5 + 35. Suppose -3*m - n*a = 40, 0 = -0*a - 2*a - 10. Let d(p) = -3 + 0 - p**3 + 3*p - 2*p**2 - 2*p**2. What is d(m)?
7
Let l(u) be the second derivative of u**6/60 - u**5/30 - u**4/24 - 11*u**2/2 + 3*u. Let c(z) be the first derivative of l(z). Determine c(2).
6
Suppose -5*n + 2*n + 63 = 4*k, 3*n = -2*k + 27. Suppose -4*m - k = -2*m. Let q = 7 + m. Let s(c) = -c**2. Calculate s(q).
-4
Let q(j) be the first derivative of -j**4/4 - 5*j**3/3 + 3*j**2 - 3*j + 317. Let x(w) = -w**2 + 4*w + 6. Let m be x(6). Calculate q(m).
-3
Let r(g) = -22*g**2 + 43*g - 36. Let z(m) = -7*m**2 + 13*m - 12. Let w(a) = 6*r(a) - 19*z(a). Giv